{"id":2,"date":"2026-02-01T14:30:57","date_gmt":"2026-02-01T14:30:57","guid":{"rendered":"https:\/\/tamasiwaldorfovoda.hu\/wordpress\/?page_id=2"},"modified":"2026-02-01T15:31:05","modified_gmt":"2026-02-01T15:31:05","slug":"bemutatkozas","status":"publish","type":"page","link":"https:\/\/www.tamasiwaldorfovoda.hu\/index.php\/bemutatkozas\/","title":{"rendered":"Bemutatkoz\u00e1s"},"content":{"rendered":"\r\n<p class=\"wp-block-paragraph\"><strong>Csal\u00e1d \u00e9s \u00f3voda<\/strong><\/p>\r\n<p><strong>A Waldorf-\u00f3vod\u00e1k alapvet\u0151en alulr\u00f3l \u00e9p\u00edtkez\u0151 kezdem\u00e9nyez\u00e9sek, melyek \u00fagy j\u00f6nnek l\u00e9tre, hogy a sz\u00fcl\u0151k egy csoportj\u00e1ban megfogalmaz\u00f3dik az ig\u00e9ny egy ilyen jelleg\u0171 int\u00e9zm\u00e9ny ir\u00e1nt. Itt minden a gyerekek\u00e9rt t\u00f6rt\u00e9nik, s a feln\u0151ttek egy\u00fcttm\u0171k\u00f6dnek az\u00e9rt, hogy eredm\u00e9nyesen \u00e9s zavartalanul folyhasson a nevel\u00e9s. A sz\u00fcl\u0151knek teh\u00e1t egy Waldorf-\u00f3voda \u00e9let\u00e9ben sokkal nagyobb szerep\u00fck van, mint egy hagyom\u00e1nyos int\u00e9zm\u00e9ny eset\u00e9ben: a csal\u00e1dtagok itt intenz\u00edven r\u00e9szt vesznek az \u00f3voda fenntart\u00e1s\u00e1nak mindennapi tev\u00e9kenys\u00e9g\u00e9ben &#8211; mind gyakorlati, mind anyagi \u00e9rtelemben.<\/strong><\/p>\r\n<p><strong>\u00a0 \u00a0\u00a0<\/strong><\/p>\r\n<p><strong>\u00d3vod\u00e1nk anyagi h\u00e1ttere:<\/strong><\/p>\r\n<p><strong>A Waldorf \u00d3voda fenntart\u00f3ja a Tam\u00e1si Waldorf Pedag\u00f3giai Alap\u00edtv\u00e1ny. Az \u00f3voda finansz\u00edroz\u00e1sa az \u00e1llami normat\u00edv\u00e1b\u00f3l, a csal\u00e1dok \u00e1ltal befizetett t\u00e1mogat\u00e1sb\u00f3l, az \u00e9ves ad\u00f3 1%-b\u00f3l \u00e9s p\u00e1ly\u00e1zati eszk\u00f6z\u00f6k ig\u00e9nybev\u00e9tel\u00e9b\u0151l tev\u0151dik \u00f6ssze.<\/strong><\/p>\r\n<p>&nbsp;<\/p>\r\n<p><strong>Az \u00f3voda felv\u00e9teli folyamata:<\/strong><\/p>\r\n<p><strong>\u00d3vod\u00e1ba nem a gyermeket, hanem a csal\u00e1dot vessz\u00fck fel. A felv\u00e9teli elbesz\u00e9lget\u00e9sek\u00a0<\/strong><strong>alkalmaival mindk\u00e9t sz\u00fcl\u0151vel ismertetj\u00fck a waldorf pedag\u00f3gi\u00e1t, a waldorf pedag\u00f3gia\u00a0<\/strong><strong>emberk\u00e9p\u00e9t, m\u0171k\u00f6d\u00e9s\u00e9nek kereteit. Ezek a felv\u00e9teli besz\u00e9lget\u00e9sek az ig\u00e9nyek\u00a0<\/strong><strong>figyelembev\u00e9tel\u00e9vel t\u00f6bbsz\u00f6r is felmer\u00fclhetnek. A kapcsolat alapja a k\u00f6lcs\u00f6n\u00f6s\u00a0<\/strong><strong>egy\u00fcttm\u0171k\u00f6d\u00e9s \u00e9s bizalom. A csal\u00e1dok intenz\u00edven r\u00e9szt vesznek az \u00f3voda mindennapi\u00a0<\/strong><strong>\u00e9let\u00e9ben.<\/strong><\/p>\r\n<p><strong>A felv\u00e9tel nem anyagi v\u00e1llal\u00e1s krit\u00e9riuma, hanem a fent felsorolt egy\u00fcttm\u0171k\u00f6d\u00e9s alapja.<\/strong><\/p>\r\n<p><strong>P\u00e9nz\u00fcgyi okok miatt senkit nem utas\u00edtunk el.<\/strong><\/p>\r\n<p><strong>K\u00f6z\u00f6sen tanuljuk a csal\u00e1dokkal a szoci\u00e1lis \u00e9rz\u00e9kenys\u00e9gre val\u00f3 fog\u00e9konys\u00e1got. Ez n\u00e1lunk\u00a0<\/strong><strong>t\u00f6bbek k\u00f6zt abban is megnyilv\u00e1nul, hogy az \u00f3vod\u00e1ba a csal\u00e1dokat nem az anyagi\u00a0<\/strong><strong>\u201etehets\u00e9g\u00fck\u201d r\u00e9v\u00e9n vessz\u00fck fel, hanem a benn\u00fck felmer\u00fcl\u0151 bels\u0151 ig\u00e9ny a m\u00e9rvad\u00f3.<\/strong><\/p>\r\n","protected":false},"excerpt":{"rendered":"<p>Csal\u00e1d \u00e9s \u00f3voda A Waldorf-\u00f3vod\u00e1k alapvet\u0151en alulr\u00f3l \u00e9p\u00edtkez\u0151 kezdem\u00e9nyez\u00e9sek, melyek \u00fagy j\u00f6nnek l\u00e9tre, hogy a sz\u00fcl\u0151k egy csoportj\u00e1ban megfogalmaz\u00f3dik az ig\u00e9ny egy ilyen jelleg\u0171 int\u00e9zm\u00e9ny ir\u00e1nt. Itt minden a gyerekek\u00e9rt t\u00f6rt\u00e9nik, s a feln\u0151ttek egy\u00fcttm\u0171k\u00f6dnek az\u00e9rt, hogy eredm\u00e9nyesen \u00e9s zavartalanul folyhasson a nevel\u00e9s. A sz\u00fcl\u0151knek teh\u00e1t egy Waldorf-\u00f3voda \u00e9let\u00e9ben sokkal nagyobb szerep\u00fck van, mint egy [&hellip;]<\/p>\n","protected":false},"author":1,"featured_media":0,"parent":0,"menu_order":0,"comment_status":"closed","ping_status":"open","template":"","meta":{"_crdt_document":"","ngg_post_thumbnail":0,"footnotes":""},"class_list":["post-2","page","type-page","status-publish","hentry"],"yoast_head":"<!-- This site is optimized with the Yoast SEO plugin v27.5 - https:\/\/yoast.com\/product\/yoast-seo-wordpress\/ -->\n<title>Bemutatkoz\u00e1s - Tam\u00e1si Waldorf \u00d3voda<\/title>\n<meta name=\"robots\" content=\"index, follow, max-snippet:-1, max-image-preview:large, max-video-preview:-1\" \/>\n<link rel=\"canonical\" href=\"https:\/\/www.tamasiwaldorfovoda.hu\/index.php\/bemutatkozas\/\" \/>\n<meta property=\"og:locale\" content=\"hu_HU\" \/>\n<meta property=\"og:type\" content=\"article\" \/>\n<meta property=\"og:title\" content=\"Bemutatkoz\u00e1s - Tam\u00e1si Waldorf \u00d3voda\" \/>\n<meta property=\"og:description\" content=\"Csal\u00e1d \u00e9s \u00f3voda A Waldorf-\u00f3vod\u00e1k alapvet\u0151en alulr\u00f3l \u00e9p\u00edtkez\u0151 kezdem\u00e9nyez\u00e9sek, melyek \u00fagy j\u00f6nnek l\u00e9tre, hogy a sz\u00fcl\u0151k egy csoportj\u00e1ban megfogalmaz\u00f3dik az ig\u00e9ny egy ilyen jelleg\u0171 int\u00e9zm\u00e9ny ir\u00e1nt. Itt minden a gyerekek\u00e9rt t\u00f6rt\u00e9nik, s a feln\u0151ttek egy\u00fcttm\u0171k\u00f6dnek az\u00e9rt, hogy eredm\u00e9nyesen \u00e9s zavartalanul folyhasson a nevel\u00e9s. A sz\u00fcl\u0151knek teh\u00e1t egy Waldorf-\u00f3voda \u00e9let\u00e9ben sokkal nagyobb szerep\u00fck van, mint egy [&hellip;]\" \/>\n<meta property=\"og:url\" content=\"https:\/\/www.tamasiwaldorfovoda.hu\/index.php\/bemutatkozas\/\" \/>\n<meta property=\"og:site_name\" content=\"Tam\u00e1si Waldorf \u00d3voda\" \/>\n<meta property=\"article:modified_time\" content=\"2026-02-01T15:31:05+00:00\" \/>\n<meta name=\"twitter:card\" content=\"summary_large_image\" \/>\n<meta name=\"twitter:label1\" content=\"Becs\u00fclt olvas\u00e1si id\u0151\" \/>\n\t<meta name=\"twitter:data1\" content=\"2 perc\" \/>\n<script type=\"application\/ld+json\" class=\"yoast-schema-graph\">{\"@context\":\"https:\\\/\\\/schema.org\",\"@graph\":[{\"@type\":\"WebPage\",\"@id\":\"https:\\\/\\\/www.tamasiwaldorfovoda.hu\\\/index.php\\\/bemutatkozas\\\/\",\"url\":\"https:\\\/\\\/www.tamasiwaldorfovoda.hu\\\/index.php\\\/bemutatkozas\\\/\",\"name\":\"Bemutatkoz\u00e1s - Tam\u00e1si Waldorf \u00d3voda\",\"isPartOf\":{\"@id\":\"https:\\\/\\\/www.tamasiwaldorfovoda.hu\\\/#website\"},\"datePublished\":\"2026-02-01T14:30:57+00:00\",\"dateModified\":\"2026-02-01T15:31:05+00:00\",\"breadcrumb\":{\"@id\":\"https:\\\/\\\/www.tamasiwaldorfovoda.hu\\\/index.php\\\/bemutatkozas\\\/#breadcrumb\"},\"inLanguage\":\"hu\",\"potentialAction\":[{\"@type\":\"ReadAction\",\"target\":[\"https:\\\/\\\/www.tamasiwaldorfovoda.hu\\\/index.php\\\/bemutatkozas\\\/\"]}]},{\"@type\":\"BreadcrumbList\",\"@id\":\"https:\\\/\\\/www.tamasiwaldorfovoda.hu\\\/index.php\\\/bemutatkozas\\\/#breadcrumb\",\"itemListElement\":[{\"@type\":\"ListItem\",\"position\":1,\"name\":\"Kezd\u0151lap\",\"item\":\"https:\\\/\\\/www.tamasiwaldorfovoda.hu\\\/\"},{\"@type\":\"ListItem\",\"position\":2,\"name\":\"Bemutatkoz\u00e1s\"}]},{\"@type\":\"WebSite\",\"@id\":\"https:\\\/\\\/www.tamasiwaldorfovoda.hu\\\/#website\",\"url\":\"https:\\\/\\\/www.tamasiwaldorfovoda.hu\\\/\",\"name\":\"Tam\u00e1si Waldorf \u00d3voda\",\"description\":\"&quot;Minden egyes gyermek individualit\u00e1sa, \u00e9nje egyetlen \u00e9s egyszeri, megism\u00e9telhetetlen.&quot;\",\"publisher\":{\"@id\":\"https:\\\/\\\/www.tamasiwaldorfovoda.hu\\\/#organization\"},\"potentialAction\":[{\"@type\":\"SearchAction\",\"target\":{\"@type\":\"EntryPoint\",\"urlTemplate\":\"https:\\\/\\\/www.tamasiwaldorfovoda.hu\\\/?s={search_term_string}\"},\"query-input\":{\"@type\":\"PropertyValueSpecification\",\"valueRequired\":true,\"valueName\":\"search_term_string\"}}],\"inLanguage\":\"hu\"},{\"@type\":\"Organization\",\"@id\":\"https:\\\/\\\/www.tamasiwaldorfovoda.hu\\\/#organization\",\"name\":\"Tam\u00e1si Waldorf \u00d3voda\",\"url\":\"https:\\\/\\\/www.tamasiwaldorfovoda.hu\\\/\",\"logo\":{\"@type\":\"ImageObject\",\"inLanguage\":\"hu\",\"@id\":\"https:\\\/\\\/www.tamasiwaldorfovoda.hu\\\/#\\\/schema\\\/logo\\\/image\\\/\",\"url\":\"https:\\\/\\\/www.tamasiwaldorfovoda.hu\\\/wp-content\\\/uploads\\\/2026\\\/02\\\/two_logo.jpg\",\"contentUrl\":\"https:\\\/\\\/www.tamasiwaldorfovoda.hu\\\/wp-content\\\/uploads\\\/2026\\\/02\\\/two_logo.jpg\",\"width\":1104,\"height\":402,\"caption\":\"Tam\u00e1si Waldorf \u00d3voda\"},\"image\":{\"@id\":\"https:\\\/\\\/www.tamasiwaldorfovoda.hu\\\/#\\\/schema\\\/logo\\\/image\\\/\"}}]}<\/script>\n<!-- \/ Yoast SEO plugin. -->","yoast_head_json":{"title":"Bemutatkoz\u00e1s - Tam\u00e1si Waldorf \u00d3voda","robots":{"index":"index","follow":"follow","max-snippet":"max-snippet:-1","max-image-preview":"max-image-preview:large","max-video-preview":"max-video-preview:-1"},"canonical":"https:\/\/www.tamasiwaldorfovoda.hu\/index.php\/bemutatkozas\/","og_locale":"hu_HU","og_type":"article","og_title":"Bemutatkoz\u00e1s - Tam\u00e1si Waldorf \u00d3voda","og_description":"Csal\u00e1d \u00e9s \u00f3voda A Waldorf-\u00f3vod\u00e1k alapvet\u0151en alulr\u00f3l \u00e9p\u00edtkez\u0151 kezdem\u00e9nyez\u00e9sek, melyek \u00fagy j\u00f6nnek l\u00e9tre, hogy a sz\u00fcl\u0151k egy csoportj\u00e1ban megfogalmaz\u00f3dik az ig\u00e9ny egy ilyen jelleg\u0171 int\u00e9zm\u00e9ny ir\u00e1nt. Itt minden a gyerekek\u00e9rt t\u00f6rt\u00e9nik, s a feln\u0151ttek egy\u00fcttm\u0171k\u00f6dnek az\u00e9rt, hogy eredm\u00e9nyesen \u00e9s zavartalanul folyhasson a nevel\u00e9s. A sz\u00fcl\u0151knek teh\u00e1t egy Waldorf-\u00f3voda \u00e9let\u00e9ben sokkal nagyobb szerep\u00fck van, mint egy [&hellip;]","og_url":"https:\/\/www.tamasiwaldorfovoda.hu\/index.php\/bemutatkozas\/","og_site_name":"Tam\u00e1si Waldorf \u00d3voda","article_modified_time":"2026-02-01T15:31:05+00:00","twitter_card":"summary_large_image","twitter_misc":{"Becs\u00fclt olvas\u00e1si id\u0151":"2 perc"},"schema":{"@context":"https:\/\/schema.org","@graph":[{"@type":"WebPage","@id":"https:\/\/www.tamasiwaldorfovoda.hu\/index.php\/bemutatkozas\/","url":"https:\/\/www.tamasiwaldorfovoda.hu\/index.php\/bemutatkozas\/","name":"Bemutatkoz\u00e1s - Tam\u00e1si Waldorf \u00d3voda","isPartOf":{"@id":"https:\/\/www.tamasiwaldorfovoda.hu\/#website"},"datePublished":"2026-02-01T14:30:57+00:00","dateModified":"2026-02-01T15:31:05+00:00","breadcrumb":{"@id":"https:\/\/www.tamasiwaldorfovoda.hu\/index.php\/bemutatkozas\/#breadcrumb"},"inLanguage":"hu","potentialAction":[{"@type":"ReadAction","target":["https:\/\/www.tamasiwaldorfovoda.hu\/index.php\/bemutatkozas\/"]}]},{"@type":"BreadcrumbList","@id":"https:\/\/www.tamasiwaldorfovoda.hu\/index.php\/bemutatkozas\/#breadcrumb","itemListElement":[{"@type":"ListItem","position":1,"name":"Kezd\u0151lap","item":"https:\/\/www.tamasiwaldorfovoda.hu\/"},{"@type":"ListItem","position":2,"name":"Bemutatkoz\u00e1s"}]},{"@type":"WebSite","@id":"https:\/\/www.tamasiwaldorfovoda.hu\/#website","url":"https:\/\/www.tamasiwaldorfovoda.hu\/","name":"Tam\u00e1si Waldorf \u00d3voda","description":"&quot;Minden egyes gyermek individualit\u00e1sa, \u00e9nje egyetlen \u00e9s egyszeri, megism\u00e9telhetetlen.&quot;","publisher":{"@id":"https:\/\/www.tamasiwaldorfovoda.hu\/#organization"},"potentialAction":[{"@type":"SearchAction","target":{"@type":"EntryPoint","urlTemplate":"https:\/\/www.tamasiwaldorfovoda.hu\/?s={search_term_string}"},"query-input":{"@type":"PropertyValueSpecification","valueRequired":true,"valueName":"search_term_string"}}],"inLanguage":"hu"},{"@type":"Organization","@id":"https:\/\/www.tamasiwaldorfovoda.hu\/#organization","name":"Tam\u00e1si Waldorf \u00d3voda","url":"https:\/\/www.tamasiwaldorfovoda.hu\/","logo":{"@type":"ImageObject","inLanguage":"hu","@id":"https:\/\/www.tamasiwaldorfovoda.hu\/#\/schema\/logo\/image\/","url":"https:\/\/www.tamasiwaldorfovoda.hu\/wp-content\/uploads\/2026\/02\/two_logo.jpg","contentUrl":"https:\/\/www.tamasiwaldorfovoda.hu\/wp-content\/uploads\/2026\/02\/two_logo.jpg","width":1104,"height":402,"caption":"Tam\u00e1si Waldorf \u00d3voda"},"image":{"@id":"https:\/\/www.tamasiwaldorfovoda.hu\/#\/schema\/logo\/image\/"}}]}},"_links":{"self":[{"href":"https:\/\/www.tamasiwaldorfovoda.hu\/index.php\/wp-json\/wp\/v2\/pages\/2","targetHints":{"allow":["GET"]}}],"collection":[{"href":"https:\/\/www.tamasiwaldorfovoda.hu\/index.php\/wp-json\/wp\/v2\/pages"}],"about":[{"href":"https:\/\/www.tamasiwaldorfovoda.hu\/index.php\/wp-json\/wp\/v2\/types\/page"}],"author":[{"embeddable":true,"href":"https:\/\/www.tamasiwaldorfovoda.hu\/index.php\/wp-json\/wp\/v2\/users\/1"}],"replies":[{"embeddable":true,"href":"https:\/\/www.tamasiwaldorfovoda.hu\/index.php\/wp-json\/wp\/v2\/comments?post=2"}],"version-history":[{"count":2,"href":"https:\/\/www.tamasiwaldorfovoda.hu\/index.php\/wp-json\/wp\/v2\/pages\/2\/revisions"}],"predecessor-version":[{"id":32,"href":"https:\/\/www.tamasiwaldorfovoda.hu\/index.php\/wp-json\/wp\/v2\/pages\/2\/revisions\/32"}],"wp:attachment":[{"href":"https:\/\/www.tamasiwaldorfovoda.hu\/index.php\/wp-json\/wp\/v2\/media?parent=2"}],"curies":[{"name":"wp","href":"https:\/\/api.w.org\/{rel}","templated":true}]}}