{"id":46,"date":"2026-02-01T15:37:54","date_gmt":"2026-02-01T15:37:54","guid":{"rendered":"https:\/\/tamasiwaldorfovoda.hu\/wordpress\/index.php\/heti-ritmus\/"},"modified":"2026-02-01T17:09:40","modified_gmt":"2026-02-01T17:09:40","slug":"heti-ritmus","status":"publish","type":"page","link":"https:\/\/www.tamasiwaldorfovoda.hu\/index.php\/heti-ritmus\/","title":{"rendered":"Heti ritmus"},"content":{"rendered":"\n<p class=\"wp-block-paragraph\"><strong>\u00d3vod\u00e1nk h\u00e9tf\u0151t\u0151l cs\u00fct\u00f6rt\u00f6kig 7.15-t\u00f3l 16.30 \u00f3r\u00e1ig, p\u00e9ntekenk\u00e9nt eb\u00e9d ut\u00e1n gyermekek n\u00e9lk\u00fcl konferencia nevel\u0151knek.<\/strong><\/p>\n\n\n\n<p class=\"wp-block-paragraph\"><strong>A heti ritmus az aktu\u00e1lis m\u0171v\u00e9szeti programok szerint alakul.<\/strong><\/p>\n\n\n\n<figure class=\"wp-block-table\"><table class=\"has-fixed-layout\"><tbody><tr><td class=\"has-text-align-right\" data-align=\"right\"><strong>1.<\/strong><\/td><td><strong>H\u00e9tf\u0151: Rajz<\/strong><\/td><\/tr><tr><td class=\"has-text-align-right\" data-align=\"right\"><strong>2.<\/strong><\/td><td><strong>Kedd: M\u00e9hviasz gyurm\u00e1z\u00e1s<\/strong><\/td><\/tr><tr><td class=\"has-text-align-right\" data-align=\"right\"><strong>3.<\/strong><\/td><td><strong>Szerda: Gyapj\u00fak\u00e9p k\u00e9sz\u00edt\u00e9s<\/strong><\/td><\/tr><tr><td class=\"has-text-align-right\" data-align=\"right\"><strong>4.<\/strong><\/td><td><strong>Cs\u00fct\u00f6rt\u00f6k: a h\u00f3napnak megfelel\u0151 aktu\u00e1lis alkot\u00f3 tev\u00e9kenys\u00e9gek \u00e9s s\u00fct\u00e9s<\/strong><\/td><\/tr><tr><td class=\"has-text-align-right\" data-align=\"right\"><strong>5.<\/strong><\/td><td><strong>P\u00e9ntek: Akvarell fest\u00e9s<\/strong><\/td><\/tr><\/tbody><\/table><\/figure>\n\n\n\n<div class=\"wp-block-group is-layout-grid wp-container-core-group-is-layout-0d5c60d9 wp-block-group-is-layout-grid\">\n<p class=\"wp-block-paragraph\"><strong>H\u00e9tf\u0151: m\u00e9hviasz kr\u00e9ta rajz.<\/strong><\/p>\n\n\n\n<p class=\"wp-block-paragraph\"><strong>Kedd:\u00a0 m\u00e9hviasz gyurm\u00e1z\u00e1s.<\/strong><\/p>\n\n\n\n<p class=\"wp-block-paragraph\"><strong>Szerda: gyapj\u00fak\u00e9p k\u00e9sz\u00edt\u00e9s<\/strong><\/p>\n\n\n\n<figure class=\"wp-block-image size-full\"><img loading=\"lazy\" decoding=\"async\" width=\"438\" height=\"328\" src=\"https:\/\/tamasiwaldorfovoda.hu\/wp-content\/uploads\/2026\/02\/heti_ritmus_01.jpg\" alt=\"\" class=\"wp-image-108\" srcset=\"https:\/\/www.tamasiwaldorfovoda.hu\/wp-content\/uploads\/2026\/02\/heti_ritmus_01.jpg 438w, https:\/\/www.tamasiwaldorfovoda.hu\/wp-content\/uploads\/2026\/02\/heti_ritmus_01-300x225.jpg 300w\" sizes=\"auto, (max-width: 438px) 100vw, 438px\" \/><\/figure>\n\n\n\n<figure class=\"wp-block-image size-full\"><img loading=\"lazy\" decoding=\"async\" width=\"440\" height=\"325\" src=\"https:\/\/tamasiwaldorfovoda.hu\/wp-content\/uploads\/2026\/02\/heti_ritmus_02.jpg\" alt=\"\" class=\"wp-image-109\" srcset=\"https:\/\/www.tamasiwaldorfovoda.hu\/wp-content\/uploads\/2026\/02\/heti_ritmus_02.jpg 440w, https:\/\/www.tamasiwaldorfovoda.hu\/wp-content\/uploads\/2026\/02\/heti_ritmus_02-300x222.jpg 300w\" sizes=\"auto, (max-width: 440px) 100vw, 440px\" \/><\/figure>\n\n\n\n<figure class=\"wp-block-image size-full\"><img loading=\"lazy\" decoding=\"async\" width=\"436\" height=\"328\" src=\"https:\/\/tamasiwaldorfovoda.hu\/wp-content\/uploads\/2026\/02\/heti_ritmus_03.jpg\" alt=\"\" class=\"wp-image-110\" srcset=\"https:\/\/www.tamasiwaldorfovoda.hu\/wp-content\/uploads\/2026\/02\/heti_ritmus_03.jpg 436w, https:\/\/www.tamasiwaldorfovoda.hu\/wp-content\/uploads\/2026\/02\/heti_ritmus_03-300x226.jpg 300w\" sizes=\"auto, (max-width: 436px) 100vw, 436px\" \/><\/figure>\n\n\n\n<p class=\"wp-container-content-fed0428f wp-block-paragraph\"><strong>Cs\u00fct\u00f6rt\u00f6k: s\u00fct\u00e9s<\/strong><\/p>\n\n\n\n<p class=\"wp-container-content-fed0428f wp-block-paragraph\"><strong>Bark\u00e1csol\u00e1s-k\u00e9zimunka<\/strong><\/p>\n\n\n\n<p class=\"wp-block-paragraph\"><strong>P\u00e9ntek: akvarell fest\u00e9s<\/strong><\/p>\n\n\n\n<figure class=\"wp-block-image size-full\"><img loading=\"lazy\" decoding=\"async\" width=\"449\" height=\"337\" src=\"https:\/\/tamasiwaldorfovoda.hu\/wp-content\/uploads\/2026\/02\/heti_ritmus_04.jpg\" alt=\"\" class=\"wp-image-111\" srcset=\"https:\/\/www.tamasiwaldorfovoda.hu\/wp-content\/uploads\/2026\/02\/heti_ritmus_04.jpg 449w, https:\/\/www.tamasiwaldorfovoda.hu\/wp-content\/uploads\/2026\/02\/heti_ritmus_04-300x225.jpg 300w\" sizes=\"auto, (max-width: 449px) 100vw, 449px\" \/><\/figure>\n\n\n\n<figure class=\"wp-block-image size-full\"><img loading=\"lazy\" decoding=\"async\" width=\"466\" height=\"347\" src=\"https:\/\/tamasiwaldorfovoda.hu\/wp-content\/uploads\/2026\/02\/heti_ritmus_05.jpg\" alt=\"\" class=\"wp-image-112\" srcset=\"https:\/\/www.tamasiwaldorfovoda.hu\/wp-content\/uploads\/2026\/02\/heti_ritmus_05.jpg 466w, https:\/\/www.tamasiwaldorfovoda.hu\/wp-content\/uploads\/2026\/02\/heti_ritmus_05-300x223.jpg 300w\" sizes=\"auto, (max-width: 466px) 100vw, 466px\" \/><\/figure>\n\n\n\n<figure class=\"wp-block-image size-full\"><img loading=\"lazy\" decoding=\"async\" width=\"469\" height=\"347\" src=\"https:\/\/tamasiwaldorfovoda.hu\/wp-content\/uploads\/2026\/02\/heti_ritmus_06.jpg\" alt=\"\" class=\"wp-image-113\" srcset=\"https:\/\/www.tamasiwaldorfovoda.hu\/wp-content\/uploads\/2026\/02\/heti_ritmus_06.jpg 469w, https:\/\/www.tamasiwaldorfovoda.hu\/wp-content\/uploads\/2026\/02\/heti_ritmus_06-300x222.jpg 300w\" sizes=\"auto, (max-width: 469px) 100vw, 469px\" \/><\/figure>\n<\/div>\n\n\n\n<p class=\"wp-block-paragraph\"><strong>&nbsp;Az \u00fcnnepk\u00f6rnek \u00e9s az \u00e9vk\u00f6rnek megfelel\u0151en a heti m\u0171v\u00e9szeti feladatainkon k\u00edv\u00fcl m\u00e1s alkot\u00f3<br>tev\u00e9kenys\u00e9gek is folynak a szabad j\u00e1t\u00e9kid\u0151ben ( pl. sz\u00f6v\u00e9s, varr\u00e1s, bark\u00e1csol\u00e1s, nemezel\u00e9s,)<\/strong><\/p>\n\n\n\n<p class=\"wp-block-paragraph\"><strong>Heti gabona rend:<\/strong><\/p>\n\n\n\n<div class=\"wp-block-group is-layout-grid wp-container-core-group-is-layout-67fce74b wp-block-group-is-layout-grid\">\n<p class=\"wp-block-paragraph\"><strong>H\u00e9tf\u0151: rizs<\/strong><\/p>\n\n\n\n<p class=\"wp-block-paragraph\"><strong>Kedd: \u00e1rpa<\/strong><\/p>\n\n\n\n<p class=\"wp-block-paragraph\"><strong>Szerda: k\u00f6les<\/strong><\/p>\n\n\n\n<p class=\"wp-block-paragraph\"><strong>Cs\u00fct\u00f6rt\u00f6k: rozs<\/strong><\/p>\n\n\n\n<p class=\"wp-block-paragraph\"><strong>P\u00e9ntek: zab<\/strong><\/p>\n\n\n\n<p class=\"wp-block-paragraph\"><strong>(tejberizs)<\/strong><\/p>\n\n\n\n<p class=\"wp-block-paragraph\"><strong>(waldorf palacsinta)<\/strong><\/p>\n\n\n\n<p class=\"wp-block-paragraph\"><strong>(k\u00f6les k\u00e1sa)<\/strong><\/p>\n\n\n\n<p class=\"wp-block-paragraph\"><strong>(cip\u00f3 s\u00fct\u00e9s)<\/strong><\/p>\n\n\n\n<p class=\"wp-block-paragraph\"><strong>(m\u00fczli)<\/strong><\/p>\n\n\n\n<figure class=\"wp-block-image size-full\"><img loading=\"lazy\" decoding=\"async\" width=\"430\" height=\"300\" src=\"https:\/\/tamasiwaldorfovoda.hu\/wp-content\/uploads\/2026\/02\/heti_ritmus_gab_01.jpg\" alt=\"\" class=\"wp-image-114\" srcset=\"https:\/\/www.tamasiwaldorfovoda.hu\/wp-content\/uploads\/2026\/02\/heti_ritmus_gab_01.jpg 430w, https:\/\/www.tamasiwaldorfovoda.hu\/wp-content\/uploads\/2026\/02\/heti_ritmus_gab_01-300x209.jpg 300w\" sizes=\"auto, (max-width: 430px) 100vw, 430px\" \/><\/figure>\n\n\n\n<figure class=\"wp-block-image size-full\"><img loading=\"lazy\" decoding=\"async\" width=\"253\" height=\"180\" src=\"https:\/\/tamasiwaldorfovoda.hu\/wp-content\/uploads\/2026\/02\/heti_ritmus_gab_02.jpg\" alt=\"\" class=\"wp-image-115\"\/><\/figure>\n\n\n\n<figure class=\"wp-block-image size-full\"><img loading=\"lazy\" decoding=\"async\" width=\"450\" height=\"300\" src=\"https:\/\/tamasiwaldorfovoda.hu\/wp-content\/uploads\/2026\/02\/heti_ritmus_gab_03.jpg\" alt=\"\" class=\"wp-image-116\" srcset=\"https:\/\/www.tamasiwaldorfovoda.hu\/wp-content\/uploads\/2026\/02\/heti_ritmus_gab_03.jpg 450w, https:\/\/www.tamasiwaldorfovoda.hu\/wp-content\/uploads\/2026\/02\/heti_ritmus_gab_03-300x200.jpg 300w\" sizes=\"auto, (max-width: 450px) 100vw, 450px\" \/><\/figure>\n\n\n\n<figure class=\"wp-block-image size-full\"><img loading=\"lazy\" decoding=\"async\" width=\"253\" height=\"212\" src=\"https:\/\/tamasiwaldorfovoda.hu\/wp-content\/uploads\/2026\/02\/heti_ritmus_gab_04.jpg\" alt=\"\" class=\"wp-image-117\"\/><\/figure>\n\n\n\n<figure class=\"wp-block-image size-full\"><img loading=\"lazy\" decoding=\"async\" width=\"512\" height=\"388\" src=\"https:\/\/tamasiwaldorfovoda.hu\/wp-content\/uploads\/2026\/02\/heti_ritmus_gab_05.jpg\" alt=\"\" class=\"wp-image-118\" srcset=\"https:\/\/www.tamasiwaldorfovoda.hu\/wp-content\/uploads\/2026\/02\/heti_ritmus_gab_05.jpg 512w, https:\/\/www.tamasiwaldorfovoda.hu\/wp-content\/uploads\/2026\/02\/heti_ritmus_gab_05-300x227.jpg 300w\" sizes=\"auto, (max-width: 512px) 100vw, 512px\" \/><\/figure>\n<\/div>\n\n\n\n<p class=\"wp-block-paragraph\"><\/p>\n","protected":false},"excerpt":{"rendered":"<p>\u00d3vod\u00e1nk h\u00e9tf\u0151t\u0151l cs\u00fct\u00f6rt\u00f6kig 7.15-t\u00f3l 16.30 \u00f3r\u00e1ig, p\u00e9ntekenk\u00e9nt eb\u00e9d ut\u00e1n gyermekek n\u00e9lk\u00fcl konferencia nevel\u0151knek. A heti ritmus az aktu\u00e1lis m\u0171v\u00e9szeti programok szerint alakul. 1. H\u00e9tf\u0151: Rajz 2. Kedd: M\u00e9hviasz gyurm\u00e1z\u00e1s 3. Szerda: Gyapj\u00fak\u00e9p k\u00e9sz\u00edt\u00e9s 4. Cs\u00fct\u00f6rt\u00f6k: a h\u00f3napnak megfelel\u0151 aktu\u00e1lis alkot\u00f3 tev\u00e9kenys\u00e9gek \u00e9s s\u00fct\u00e9s 5. P\u00e9ntek: Akvarell fest\u00e9s H\u00e9tf\u0151: m\u00e9hviasz kr\u00e9ta rajz. Kedd:\u00a0 m\u00e9hviasz gyurm\u00e1z\u00e1s. Szerda: [&hellip;]<\/p>\n","protected":false},"author":2,"featured_media":0,"parent":0,"menu_order":0,"comment_status":"closed","ping_status":"closed","template":"","meta":{"_crdt_document":"","ngg_post_thumbnail":0,"footnotes":""},"class_list":["post-46","page","type-page","status-publish","hentry"],"yoast_head":"<!-- This site is optimized with the Yoast SEO plugin v27.5 - https:\/\/yoast.com\/product\/yoast-seo-wordpress\/ -->\n<title>Heti ritmus - Tam\u00e1si Waldorf \u00d3voda<\/title>\n<meta name=\"robots\" content=\"index, follow, max-snippet:-1, max-image-preview:large, max-video-preview:-1\" \/>\n<link rel=\"canonical\" href=\"https:\/\/www.tamasiwaldorfovoda.hu\/index.php\/heti-ritmus\/\" \/>\n<meta property=\"og:locale\" content=\"hu_HU\" \/>\n<meta property=\"og:type\" content=\"article\" \/>\n<meta property=\"og:title\" content=\"Heti ritmus - Tam\u00e1si Waldorf \u00d3voda\" \/>\n<meta property=\"og:description\" content=\"\u00d3vod\u00e1nk h\u00e9tf\u0151t\u0151l cs\u00fct\u00f6rt\u00f6kig 7.15-t\u00f3l 16.30 \u00f3r\u00e1ig, p\u00e9ntekenk\u00e9nt eb\u00e9d ut\u00e1n gyermekek n\u00e9lk\u00fcl konferencia nevel\u0151knek. A heti ritmus az aktu\u00e1lis m\u0171v\u00e9szeti programok szerint alakul. 1. H\u00e9tf\u0151: Rajz 2. Kedd: M\u00e9hviasz gyurm\u00e1z\u00e1s 3. Szerda: Gyapj\u00fak\u00e9p k\u00e9sz\u00edt\u00e9s 4. Cs\u00fct\u00f6rt\u00f6k: a h\u00f3napnak megfelel\u0151 aktu\u00e1lis alkot\u00f3 tev\u00e9kenys\u00e9gek \u00e9s s\u00fct\u00e9s 5. P\u00e9ntek: Akvarell fest\u00e9s H\u00e9tf\u0151: m\u00e9hviasz kr\u00e9ta rajz. Kedd:\u00a0 m\u00e9hviasz gyurm\u00e1z\u00e1s. Szerda: [&hellip;]\" \/>\n<meta property=\"og:url\" content=\"https:\/\/www.tamasiwaldorfovoda.hu\/index.php\/heti-ritmus\/\" \/>\n<meta property=\"og:site_name\" content=\"Tam\u00e1si Waldorf \u00d3voda\" \/>\n<meta property=\"article:modified_time\" content=\"2026-02-01T17:09:40+00:00\" \/>\n<meta property=\"og:image\" content=\"https:\/\/tamasiwaldorfovoda.hu\/wp-content\/uploads\/2026\/02\/heti_ritmus_01.jpg\" \/>\n<meta name=\"twitter:card\" content=\"summary_large_image\" \/>\n<meta name=\"twitter:label1\" content=\"Becs\u00fclt olvas\u00e1si id\u0151\" \/>\n\t<meta name=\"twitter:data1\" content=\"3 perc\" \/>\n<script type=\"application\/ld+json\" class=\"yoast-schema-graph\">{\"@context\":\"https:\\\/\\\/schema.org\",\"@graph\":[{\"@type\":\"WebPage\",\"@id\":\"https:\\\/\\\/www.tamasiwaldorfovoda.hu\\\/index.php\\\/heti-ritmus\\\/\",\"url\":\"https:\\\/\\\/www.tamasiwaldorfovoda.hu\\\/index.php\\\/heti-ritmus\\\/\",\"name\":\"Heti ritmus - Tam\u00e1si Waldorf \u00d3voda\",\"isPartOf\":{\"@id\":\"https:\\\/\\\/www.tamasiwaldorfovoda.hu\\\/#website\"},\"primaryImageOfPage\":{\"@id\":\"https:\\\/\\\/www.tamasiwaldorfovoda.hu\\\/index.php\\\/heti-ritmus\\\/#primaryimage\"},\"image\":{\"@id\":\"https:\\\/\\\/www.tamasiwaldorfovoda.hu\\\/index.php\\\/heti-ritmus\\\/#primaryimage\"},\"thumbnailUrl\":\"https:\\\/\\\/tamasiwaldorfovoda.hu\\\/wp-content\\\/uploads\\\/2026\\\/02\\\/heti_ritmus_01.jpg\",\"datePublished\":\"2026-02-01T15:37:54+00:00\",\"dateModified\":\"2026-02-01T17:09:40+00:00\",\"breadcrumb\":{\"@id\":\"https:\\\/\\\/www.tamasiwaldorfovoda.hu\\\/index.php\\\/heti-ritmus\\\/#breadcrumb\"},\"inLanguage\":\"hu\",\"potentialAction\":[{\"@type\":\"ReadAction\",\"target\":[\"https:\\\/\\\/www.tamasiwaldorfovoda.hu\\\/index.php\\\/heti-ritmus\\\/\"]}]},{\"@type\":\"ImageObject\",\"inLanguage\":\"hu\",\"@id\":\"https:\\\/\\\/www.tamasiwaldorfovoda.hu\\\/index.php\\\/heti-ritmus\\\/#primaryimage\",\"url\":\"https:\\\/\\\/tamasiwaldorfovoda.hu\\\/wp-content\\\/uploads\\\/2026\\\/02\\\/heti_ritmus_01.jpg\",\"contentUrl\":\"https:\\\/\\\/tamasiwaldorfovoda.hu\\\/wp-content\\\/uploads\\\/2026\\\/02\\\/heti_ritmus_01.jpg\"},{\"@type\":\"BreadcrumbList\",\"@id\":\"https:\\\/\\\/www.tamasiwaldorfovoda.hu\\\/index.php\\\/heti-ritmus\\\/#breadcrumb\",\"itemListElement\":[{\"@type\":\"ListItem\",\"position\":1,\"name\":\"Kezd\u0151lap\",\"item\":\"https:\\\/\\\/www.tamasiwaldorfovoda.hu\\\/\"},{\"@type\":\"ListItem\",\"position\":2,\"name\":\"Heti ritmus\"}]},{\"@type\":\"WebSite\",\"@id\":\"https:\\\/\\\/www.tamasiwaldorfovoda.hu\\\/#website\",\"url\":\"https:\\\/\\\/www.tamasiwaldorfovoda.hu\\\/\",\"name\":\"Tam\u00e1si Waldorf \u00d3voda\",\"description\":\"&quot;Minden egyes gyermek individualit\u00e1sa, \u00e9nje egyetlen \u00e9s egyszeri, megism\u00e9telhetetlen.&quot;\",\"publisher\":{\"@id\":\"https:\\\/\\\/www.tamasiwaldorfovoda.hu\\\/#organization\"},\"potentialAction\":[{\"@type\":\"SearchAction\",\"target\":{\"@type\":\"EntryPoint\",\"urlTemplate\":\"https:\\\/\\\/www.tamasiwaldorfovoda.hu\\\/?s={search_term_string}\"},\"query-input\":{\"@type\":\"PropertyValueSpecification\",\"valueRequired\":true,\"valueName\":\"search_term_string\"}}],\"inLanguage\":\"hu\"},{\"@type\":\"Organization\",\"@id\":\"https:\\\/\\\/www.tamasiwaldorfovoda.hu\\\/#organization\",\"name\":\"Tam\u00e1si Waldorf \u00d3voda\",\"url\":\"https:\\\/\\\/www.tamasiwaldorfovoda.hu\\\/\",\"logo\":{\"@type\":\"ImageObject\",\"inLanguage\":\"hu\",\"@id\":\"https:\\\/\\\/www.tamasiwaldorfovoda.hu\\\/#\\\/schema\\\/logo\\\/image\\\/\",\"url\":\"https:\\\/\\\/www.tamasiwaldorfovoda.hu\\\/wp-content\\\/uploads\\\/2026\\\/02\\\/two_logo.jpg\",\"contentUrl\":\"https:\\\/\\\/www.tamasiwaldorfovoda.hu\\\/wp-content\\\/uploads\\\/2026\\\/02\\\/two_logo.jpg\",\"width\":1104,\"height\":402,\"caption\":\"Tam\u00e1si Waldorf \u00d3voda\"},\"image\":{\"@id\":\"https:\\\/\\\/www.tamasiwaldorfovoda.hu\\\/#\\\/schema\\\/logo\\\/image\\\/\"}}]}<\/script>\n<!-- \/ Yoast SEO plugin. -->","yoast_head_json":{"title":"Heti ritmus - Tam\u00e1si Waldorf \u00d3voda","robots":{"index":"index","follow":"follow","max-snippet":"max-snippet:-1","max-image-preview":"max-image-preview:large","max-video-preview":"max-video-preview:-1"},"canonical":"https:\/\/www.tamasiwaldorfovoda.hu\/index.php\/heti-ritmus\/","og_locale":"hu_HU","og_type":"article","og_title":"Heti ritmus - Tam\u00e1si Waldorf \u00d3voda","og_description":"\u00d3vod\u00e1nk h\u00e9tf\u0151t\u0151l cs\u00fct\u00f6rt\u00f6kig 7.15-t\u00f3l 16.30 \u00f3r\u00e1ig, p\u00e9ntekenk\u00e9nt eb\u00e9d ut\u00e1n gyermekek n\u00e9lk\u00fcl konferencia nevel\u0151knek. A heti ritmus az aktu\u00e1lis m\u0171v\u00e9szeti programok szerint alakul. 1. H\u00e9tf\u0151: Rajz 2. Kedd: M\u00e9hviasz gyurm\u00e1z\u00e1s 3. Szerda: Gyapj\u00fak\u00e9p k\u00e9sz\u00edt\u00e9s 4. Cs\u00fct\u00f6rt\u00f6k: a h\u00f3napnak megfelel\u0151 aktu\u00e1lis alkot\u00f3 tev\u00e9kenys\u00e9gek \u00e9s s\u00fct\u00e9s 5. P\u00e9ntek: Akvarell fest\u00e9s H\u00e9tf\u0151: m\u00e9hviasz kr\u00e9ta rajz. Kedd:\u00a0 m\u00e9hviasz gyurm\u00e1z\u00e1s. Szerda: [&hellip;]","og_url":"https:\/\/www.tamasiwaldorfovoda.hu\/index.php\/heti-ritmus\/","og_site_name":"Tam\u00e1si Waldorf \u00d3voda","article_modified_time":"2026-02-01T17:09:40+00:00","og_image":[{"url":"https:\/\/tamasiwaldorfovoda.hu\/wp-content\/uploads\/2026\/02\/heti_ritmus_01.jpg","type":"","width":"","height":""}],"twitter_card":"summary_large_image","twitter_misc":{"Becs\u00fclt olvas\u00e1si id\u0151":"3 perc"},"schema":{"@context":"https:\/\/schema.org","@graph":[{"@type":"WebPage","@id":"https:\/\/www.tamasiwaldorfovoda.hu\/index.php\/heti-ritmus\/","url":"https:\/\/www.tamasiwaldorfovoda.hu\/index.php\/heti-ritmus\/","name":"Heti ritmus - Tam\u00e1si Waldorf \u00d3voda","isPartOf":{"@id":"https:\/\/www.tamasiwaldorfovoda.hu\/#website"},"primaryImageOfPage":{"@id":"https:\/\/www.tamasiwaldorfovoda.hu\/index.php\/heti-ritmus\/#primaryimage"},"image":{"@id":"https:\/\/www.tamasiwaldorfovoda.hu\/index.php\/heti-ritmus\/#primaryimage"},"thumbnailUrl":"https:\/\/tamasiwaldorfovoda.hu\/wp-content\/uploads\/2026\/02\/heti_ritmus_01.jpg","datePublished":"2026-02-01T15:37:54+00:00","dateModified":"2026-02-01T17:09:40+00:00","breadcrumb":{"@id":"https:\/\/www.tamasiwaldorfovoda.hu\/index.php\/heti-ritmus\/#breadcrumb"},"inLanguage":"hu","potentialAction":[{"@type":"ReadAction","target":["https:\/\/www.tamasiwaldorfovoda.hu\/index.php\/heti-ritmus\/"]}]},{"@type":"ImageObject","inLanguage":"hu","@id":"https:\/\/www.tamasiwaldorfovoda.hu\/index.php\/heti-ritmus\/#primaryimage","url":"https:\/\/tamasiwaldorfovoda.hu\/wp-content\/uploads\/2026\/02\/heti_ritmus_01.jpg","contentUrl":"https:\/\/tamasiwaldorfovoda.hu\/wp-content\/uploads\/2026\/02\/heti_ritmus_01.jpg"},{"@type":"BreadcrumbList","@id":"https:\/\/www.tamasiwaldorfovoda.hu\/index.php\/heti-ritmus\/#breadcrumb","itemListElement":[{"@type":"ListItem","position":1,"name":"Kezd\u0151lap","item":"https:\/\/www.tamasiwaldorfovoda.hu\/"},{"@type":"ListItem","position":2,"name":"Heti ritmus"}]},{"@type":"WebSite","@id":"https:\/\/www.tamasiwaldorfovoda.hu\/#website","url":"https:\/\/www.tamasiwaldorfovoda.hu\/","name":"Tam\u00e1si Waldorf \u00d3voda","description":"&quot;Minden egyes gyermek individualit\u00e1sa, \u00e9nje egyetlen \u00e9s egyszeri, megism\u00e9telhetetlen.&quot;","publisher":{"@id":"https:\/\/www.tamasiwaldorfovoda.hu\/#organization"},"potentialAction":[{"@type":"SearchAction","target":{"@type":"EntryPoint","urlTemplate":"https:\/\/www.tamasiwaldorfovoda.hu\/?s={search_term_string}"},"query-input":{"@type":"PropertyValueSpecification","valueRequired":true,"valueName":"search_term_string"}}],"inLanguage":"hu"},{"@type":"Organization","@id":"https:\/\/www.tamasiwaldorfovoda.hu\/#organization","name":"Tam\u00e1si Waldorf \u00d3voda","url":"https:\/\/www.tamasiwaldorfovoda.hu\/","logo":{"@type":"ImageObject","inLanguage":"hu","@id":"https:\/\/www.tamasiwaldorfovoda.hu\/#\/schema\/logo\/image\/","url":"https:\/\/www.tamasiwaldorfovoda.hu\/wp-content\/uploads\/2026\/02\/two_logo.jpg","contentUrl":"https:\/\/www.tamasiwaldorfovoda.hu\/wp-content\/uploads\/2026\/02\/two_logo.jpg","width":1104,"height":402,"caption":"Tam\u00e1si Waldorf \u00d3voda"},"image":{"@id":"https:\/\/www.tamasiwaldorfovoda.hu\/#\/schema\/logo\/image\/"}}]}},"_links":{"self":[{"href":"https:\/\/www.tamasiwaldorfovoda.hu\/index.php\/wp-json\/wp\/v2\/pages\/46","targetHints":{"allow":["GET"]}}],"collection":[{"href":"https:\/\/www.tamasiwaldorfovoda.hu\/index.php\/wp-json\/wp\/v2\/pages"}],"about":[{"href":"https:\/\/www.tamasiwaldorfovoda.hu\/index.php\/wp-json\/wp\/v2\/types\/page"}],"author":[{"embeddable":true,"href":"https:\/\/www.tamasiwaldorfovoda.hu\/index.php\/wp-json\/wp\/v2\/users\/2"}],"replies":[{"embeddable":true,"href":"https:\/\/www.tamasiwaldorfovoda.hu\/index.php\/wp-json\/wp\/v2\/comments?post=46"}],"version-history":[{"count":2,"href":"https:\/\/www.tamasiwaldorfovoda.hu\/index.php\/wp-json\/wp\/v2\/pages\/46\/revisions"}],"predecessor-version":[{"id":121,"href":"https:\/\/www.tamasiwaldorfovoda.hu\/index.php\/wp-json\/wp\/v2\/pages\/46\/revisions\/121"}],"wp:attachment":[{"href":"https:\/\/www.tamasiwaldorfovoda.hu\/index.php\/wp-json\/wp\/v2\/media?parent=46"}],"curies":[{"name":"wp","href":"https:\/\/api.w.org\/{rel}","templated":true}]}}